-4?
-7a2b
In base 5, what is -4133 - 1133?
-10321
In base 4, what is 10211 - 31010?
-20133
In base 11, what is 4 + -8476?
-8472
In base 4, what is 11 - -12001012?
12001023
In base 3, what is -12 + -1211221200011?
-1211221200100
In base 7, what is -426 + -5242?
-6001
In base 8, what is 4 - 603354?
-603350
In base 3, what is -1102 + 11212220?
11211111
In base 14, what is -d7384 + -5?
-d7389
In base 16, what is 18be - -47?
1905
In base 10, what is -92 - 12740?
-12832
In base 16, what is -2c8 - -7?
-2c1
In base 4, what is 13 + -110221112?
-110221033
In base 13, what is -13125 - 1c?
-13144
In base 12, what is 1 + -2a51?
-2a50
In base 11, what is -10a5 - -aa?
-aa6
In base 8, what is 36767 - -4?
36773
In base 10, what is 77380 + -1?
77379
In base 14, what is 0 - -85914?
85914
In base 4, what is -20110 + 3133?
-10311
In base 16, what is -2b + -acd?
-af8
In base 14, what is -4 + -1212?
-1216
In base 3, what is -1100120101 + 1002?
-1100112022
In base 14, what is -16 + c669?
c653
In base 6, what is 5 - -100352?
100401
In base 4, what is -12 + -220312?
-220330
In base 15, what is -62 + -2c2?
-334
In base 8, what is -4642 + 3615?
-1025
In base 7, what is -6 - 1151?
-1160
In base 5, what is 44 + -103012?
-102413
In base 2, what is 10110101001010100001011 - -11?
10110101001010100001110
In base 8, what is 1 + 5360642?
5360643
In base 2, what is -10110100 + 10100100011110?
10100001101010
In base 11, what is a30 + -13?
a18
In base 8, what is 23153 - 7?
23144
In base 9, what is -27315 + -306?
-27622
In base 16, what is -1f - 4369?
-4388
In base 3, what is 10122 + -22202?
-12010
In base 15, what is 32e + 53d?
86c
In base 12, what is 469 - 684?
-217
In base 9, what is 1 + -1575254?
-1575253
In base 7, what is -104 - -12004?
11600
In base 3, what is -10112 - 100222200?
-101010012
In base 14, what is -99 + 149?
90
In base 11, what is 10a - -533?
642
In base 14, what is 3 + 49d0?
49d3
In base 12, what is -365 - -2800?
2457
In base 13, what is -2 - 1474a?
-1474c
In base 15, what is -11 - 127eb?
-1280c
In base 6, what is -215 - 125310?
-125525
In base 2, what is 1010000010001001 + -100?
1010000010000101
In base 8, what is -266 - 116?
-404
In base 15, what is 1d3ad1 + 1?
1d3ad2
In base 7, what is -311313 - -13?
-311300
In base 14, what is -35c29 + -1?
-35c2a
In base 13, what is 787b + 0?
787b
In base 14, what is -31b777 + -4?
-31b77b
In base 4, what is 1231320 + 11?
1231331
In base 14, what is -14076b - -3?
-140768
In base 10, what is 90 - 72?
18
In base 12, what is -22a5a + 39?
-22a21
In base 14, what is a6abd + -4?
a6ab9
In base 8, what is 30605 - 3?
30602
In base 13, what is -a20ac6 + 2?
-a20ac4
In base 2, what is -1000110101 - -10100011?
-110010010
In base 15, what is 3b - 262d?
-25e2
In base 7, what is -26404 + -3?
-26410
In base 13, what is -2962 + 35?
-292a
In base 2, what is 10000010 + 10010000010?
10100000100
In base 6, what is -4 + -224334?
-224342
In base 11, what is 60 - -4658?
4708
In base 8, what is 23 - -13300?
13323
In base 7, what is 522612 - -10?
522622
In base 6, what is -13 - -40224?
40211
In base 5, what is -14433421 - -1?
-14433420
In base 6, what is -2 + -10304154?
-10304200
In base 5, what is 31 + 2234014?
2234100
In base 8, what is -5 + 65?
60
In base 16, what is -1 - -ac5b0?
ac5af
In base 5, what is -430 + -34301?
-40231
In base 5, what is -2320 - 111420?
-114240
In base 2, what is 1110011100111101110 + -1?
1110011100111101101
In base 4, what is -1 + 10223?
10222
In base 6, what is -33231452 + -2?
-33231454
In base 8, what is -64 - -2404?
2320
In base 10, what is 2292 - -396?
2688
In base 3, what is 11 + -1111001011?
-1111001000
In base 3, what is 111210000 - -202?
111210202
In base 11, what is -88 + -2198?
-2275
In base 14, what is -170a8 - -5?
-170a3
In base 7, what is -32 + -444043?
-444105
In base 8, what is 427010 + 5?
427015
In base 3, what is -10 - -210111221?
210111211
In base 7, what is 11365 + 31?
11426
In base 7, what is 4 - 30304?
-30300
In base 12, what is 1324 - a8?
1238
In base 11, what is -3134 - -318?
-2917
In base 10, what is 2 + -36217?
-36215
In base 3, what is -1001 + 2110011?
2102010
In base 4, what is -11031 - 11?
-11102
In base 6, what is -33114 + 11?
-33103
In base 4, what is 22101 + -330100?
-301333
In base 9, what is -170 - 7?
-177
In base 13, what is -2a38 - 17?
-2a52
In base 9, what is -43 + 802?
748
In base 4, what is 2231 - -123213?
132110
In base 4, what is 323 - -1120203?
1121132
In base 15, what is -3 + -443c?
-4440
In base 11, what is 47 - 4099?
-4052
In base 11, what is 698 - -12?
6aa
In base 3, what is -11 + -2002111020?
-2002111101
In base 3, what is 1012202 - 200001?
112201
In base 10, what is -1104 + -59?
-1163
In base 3, what is -221000 + 1000022?
2022
In base 5, what is -4 + -2022044?
-2022103
In base 10, what is 7 + 34326?
34333
In base 14, what is d - 12158?
-12149
In base 10, what is 5 + 9023?
9028
In base 15, what is 241 - 18a6?
-1665
In base 4, what is 1031 - 3032?
-2001
In base 5, what is 414 - 1003?
-34
In base 15, what is -c92a1 - 4?
-c92a5
In base 8, what is 3 - 1657636?
-1657633
In base 3, what is 1112020 + -1021?
1110222
In base 2, what is -1100010001011011 - 1011100?
-1100010010110111
In base 16, what is 4549 + -4?
4545
In base 3, what is 10 + -2020221222?
-2020221212
In base 12, what is -5 + -ba5b2?
-ba5b7
In base 4, what is 12203201 + -10?
12203131
In base 15, what is -b420 + 3?
-b41c
In base 6, what is 2131 + -1500?
231
In base 7, what is 1036 - 301?
435
In base 7, what is -61230 - 5?
-61235
In base 7, what is 343 + -601?
-225
In base 15, what is 4a5a - 9?
4a51
In base 10, what is 1133236 - -1?
1133237
In base 14, what is 47bcc6 + -1?
47bcc5
In base 14, what is -643c7 - 3?
-643ca
In base 12, what is -53 + b615?
b582
In base 13, what is -318534 - 3?
-318537
In base 2, what is 101111111001100 + 0?
101111111001100
In base 8, what is 2 + -21766?
-21764
In base 4, what is -201201 - -130?
-201011
In base 4, what is -1233323 - -110?
-1233213
In base 11, what is -8 - 13325?
-13332
In base 8, what is 0 + 501?
501
In base 7, what is 1266252 + -3?
1266246
In base 7, what is 2 + 623264?
623266
In base 4, what is -112 + -13322311?
-13323023
In base 13, what is -35 + 207a?
2045
In base 9, what is 1 - -336021?
336022
In base 2, what is -101110101000 + 0?
-101110101000
In base 8, what is 4451 + -1347?
3102
In base 12, what is 6917a + 4?
69182
In base 9, what is 5385 + 0?
5385
In base 3, what is 1 - -102011201?
102011202
In base 4, what is -1 - 2200023?
-2200030
In base 5, what is 13121 + -120?
13001
In base 13, what is 3a - -4778?
47b5
In base 11, what is 37 + -996?
-95a
In base 7, what is -2 - -2156?
2154
In base 13, what is 19c69 - -39?
19ca5
In base 13, what is -3 + 8039?
8036
In base 8, what is -551014 + 4?
-551010
In base 10, what is -131 - 9675?
-9806
In base 10, what is 0 + 969221?
969221
In base 12, what is 1 + b892?
b893
In base 5, what is 2 + 24210203?
24210210
In base 12, what is -a2353 - -17?
-a2338
In base 15, what is 232 + -b29?
-8e7
In base 6, what is -22055 - 145?
-22244
In base 4, what is -133 - -2111?
1312
In base 12, what is -455 - 50?
-4a5
In base 10, what is -123 + 5830?
5707
In base 10, what is -19 - -1775?
1756
In base 14, what is -22 + 216?
1d4
In base 14, what is 5261a - 2?
52618
In base 4, what is -1 - 3012231?
-3012232
In base 9, what is 126 + -27?
88
In base 16, what is ea007 - 2?
ea005
In base 12, what is 21 + -1202?
-11a1
In base 9, what is -3 + 208308?
208305
In base 14, what is 1 + 4479?
447a
In base 14, what is -32c1 - 0?
-32c1
In base 8, what is -11 - 324431?
-324442
In base 5, what is 11403203 - 2?
11403201
In base 9, what is 253860 + 0?
253860
In base 8, what is -10060 - -20?
-10040
In base 15, what is a5a5 + -12?
a593
In base 4, what is 3 + -120210312?
-120210303
In base 3, what is 1212201 - -11101222?
20021200
In base 2, what is -11100 + -100011100001?
-100011111101
In base 6, what is -54 + 204?
110
In base 9, what is -23175 + 7?
-23167
In base 15, what is c73e - 2?
c73c
In base 3, what is -1100201 - -1212?
-1021212
In base 4, what is -123110 + -3?
-123113
In base 2, what is -1011100111011 - -1000?
-1011100110011
In base 10, what is -1 + -939?
-940
In base 10, what is -4 + -900?
-904
In base 13, what is 5 + -17b8?
-17b3
In base 13, what is -4 + -5a84?
-5a88
In b